{"id":49,"date":"2014-02-06T15:27:02","date_gmt":"2014-02-06T15:27:02","guid":{"rendered":"http:\/\/www.mcmanuelacosta.com\/wordpress\/?page_id=49"},"modified":"2015-05-11T23:55:34","modified_gmt":"2015-05-11T22:55:34","slug":"consultadoria","status":"publish","type":"page","link":"https:\/\/www.grupomc.pt\/?page_id=49","title":{"rendered":"Consultadoria"},"content":{"rendered":"<p>A nossa empresa \u00e9 profissional pelo meu saber e pela minha experi\u00eancia, procurada para dar e fornecer consultas t\u00e9cnicas e\/ou pareceres, a respeito de assuntos e mat\u00e9rias dentro das minhas especialidades, contabilidade,\u00a0fiscalidade, administra\u00e7\u00e3o, economia, engenharia\u00a0dentre outras.<\/p>\n<p>Precisa de dar in\u00edcio, terminar ou fundir a sua empresa? Tem de entregar o IVA, IRS, IRC, IMI, IS ou cumprir outras obriga\u00e7\u00f5es fiscais? Pretende obter uma an\u00e1lise de viabilidade econ\u00f3mica da sua empresa? Para estas e outras fun\u00e7\u00f5es pode contar com o nosso servi\u00e7o de consultadoria.<\/p>\n<p>Colocamos em pr\u00e1tica sistemas contabil\u00edsticos, produzimos relat\u00f3rios sobre a evolu\u00e7\u00e3o da empresa nos campos econ\u00f3mico e financeiro, tratamos de projectos de investimento e de candidaturas aos sistemas de incentivos ao investimento.<br \/>\nMontamos sistemas ou circuitos internos na organiza\u00e7\u00e3o de empresas e realizamos estudos para o planeamento e enquadramento fiscal dos contribuintes.<\/p>\n","protected":false},"excerpt":{"rendered":"<p>A nossa empresa \u00e9 profissional pelo meu saber e pela minha experi\u00eancia, procurada para dar e fornecer consultas t\u00e9cnicas e\/ou pareceres, a respeito de assuntos e mat\u00e9rias dentro das minhas especialidades, contabilidade,\u00a0fiscalidade, administra\u00e7\u00e3o, economia, engenharia\u00a0dentre outras. Precisa de dar in\u00edcio, terminar ou fundir a sua empresa? Tem de entregar o IVA, IRS, IRC, IMI, IS [&hellip;]<\/p>\n","protected":false},"author":1,"featured_media":0,"parent":26,"menu_order":0,"comment_status":"closed","ping_status":"open","template":"","meta":{"spay_email":""},"_links":{"self":[{"href":"https:\/\/www.grupomc.pt\/index.php?rest_route=\/wp\/v2\/pages\/49"}],"collection":[{"href":"https:\/\/www.grupomc.pt\/index.php?rest_route=\/wp\/v2\/pages"}],"about":[{"href":"https:\/\/www.grupomc.pt\/index.php?rest_route=\/wp\/v2\/types\/page"}],"author":[{"embeddable":true,"href":"https:\/\/www.grupomc.pt\/index.php?rest_route=\/wp\/v2\/users\/1"}],"replies":[{"embeddable":true,"href":"https:\/\/www.grupomc.pt\/index.php?rest_route=%2Fwp%2Fv2%2Fcomments&post=49"}],"version-history":[{"count":3,"href":"https:\/\/www.grupomc.pt\/index.php?rest_route=\/wp\/v2\/pages\/49\/revisions"}],"predecessor-version":[{"id":160,"href":"https:\/\/www.grupomc.pt\/index.php?rest_route=\/wp\/v2\/pages\/49\/revisions\/160"}],"up":[{"embeddable":true,"href":"https:\/\/www.grupomc.pt\/index.php?rest_route=\/wp\/v2\/pages\/26"}],"wp:attachment":[{"href":"https:\/\/www.grupomc.pt\/index.php?rest_route=%2Fwp%2Fv2%2Fmedia&parent=49"}],"curies":[{"name":"wp","href":"https:\/\/api.w.org\/{rel}","templated":true}]}}