{"id":52,"date":"2014-02-06T15:32:20","date_gmt":"2014-02-06T15:32:20","guid":{"rendered":"http:\/\/www.mcmanuelacosta.com\/wordpress\/?page_id=52"},"modified":"2014-02-08T01:37:19","modified_gmt":"2014-02-08T01:37:19","slug":"links-relacionados","status":"publish","type":"page","link":"https:\/\/www.grupomc.pt\/?page_id=52","title":{"rendered":"Links relacionados"},"content":{"rendered":"<div>\n<ul>\n<li><a href=\"http:\/\/www.portaldasfinancas.gov.pt\/pt\/home.action\">Portal das Finan\u00e7as<\/a><\/li>\n<li><a href=\"http:\/\/www1.seg-social.pt\/\">Seguran\u00e7a Social<\/a><\/li>\n<li><a href=\"http:\/\/www.apeca.pt\/\">APECA<\/a><\/li>\n<li><a href=\"http:\/\/www.apotec.pt\/homepage.php\">APOTEC<\/a><\/li>\n<li><a href=\"http:\/\/www.o-informador-fiscal.pt\/\">Informador Fiscal<\/a><\/li>\n<li><a href=\"http:\/\/www.iapmei.pt\/\">IAPMEI<\/a><\/li>\n<li><a href=\"http:\/\/www.prime.min-economia.pt\/presentationlayer\/prime_Home_00.aspx\">PRIME<\/a><\/li>\n<li><a href=\"http:\/\/www.portaldocidadao.pt\/PORTAL\/pt\">Portal do Cidad\u00e3o<\/a><\/li>\n<li><a href=\"http:\/\/www.impostos.net\/\">Portal da Fiscalidade Portuguesa<\/a><\/li>\n<li><a href=\"http:\/\/www.min-financas.pt\/\">Minist\u00e9rio das Finan\u00e7as e da Administra\u00e7\u00e3o P\u00fablica<\/a><\/li>\n<li><a href=\"http:\/\/www.incm.pt\/site\/home.html\">INCM<\/a><\/li>\n<\/ul>\n<\/div>\n","protected":false},"excerpt":{"rendered":"<p>Portal das Finan\u00e7as Seguran\u00e7a Social APECA APOTEC Informador Fiscal IAPMEI PRIME Portal do Cidad\u00e3o Portal da Fiscalidade Portuguesa Minist\u00e9rio das Finan\u00e7as e da Administra\u00e7\u00e3o P\u00fablica INCM<\/p>\n","protected":false},"author":1,"featured_media":0,"parent":26,"menu_order":0,"comment_status":"closed","ping_status":"open","template":"","meta":{"spay_email":""},"_links":{"self":[{"href":"https:\/\/www.grupomc.pt\/index.php?rest_route=\/wp\/v2\/pages\/52"}],"collection":[{"href":"https:\/\/www.grupomc.pt\/index.php?rest_route=\/wp\/v2\/pages"}],"about":[{"href":"https:\/\/www.grupomc.pt\/index.php?rest_route=\/wp\/v2\/types\/page"}],"author":[{"embeddable":true,"href":"https:\/\/www.grupomc.pt\/index.php?rest_route=\/wp\/v2\/users\/1"}],"replies":[{"embeddable":true,"href":"https:\/\/www.grupomc.pt\/index.php?rest_route=%2Fwp%2Fv2%2Fcomments&post=52"}],"version-history":[{"count":3,"href":"https:\/\/www.grupomc.pt\/index.php?rest_route=\/wp\/v2\/pages\/52\/revisions"}],"predecessor-version":[{"id":121,"href":"https:\/\/www.grupomc.pt\/index.php?rest_route=\/wp\/v2\/pages\/52\/revisions\/121"}],"up":[{"embeddable":true,"href":"https:\/\/www.grupomc.pt\/index.php?rest_route=\/wp\/v2\/pages\/26"}],"wp:attachment":[{"href":"https:\/\/www.grupomc.pt\/index.php?rest_route=%2Fwp%2Fv2%2Fmedia&parent=52"}],"curies":[{"name":"wp","href":"https:\/\/api.w.org\/{rel}","templated":true}]}}